omposite number?
True
Is 14923 prime?
True
Is 12235 prime?
False
Is 28922 composite?
True
Is 1590551 composite?
False
Is 12787 composite?
True
Is 21662 prime?
False
Is 90149 composite?
False
Is 251561 prime?
True
Is 20663 composite?
False
Is 48371 prime?
True
Is 6053 prime?
True
Is 167309 a composite number?
False
Is 33161 composite?
False
Is 5509 prime?
False
Is 8899 prime?
False
Is 123191 composite?
False
Is 2426 a prime number?
False
Is 13291 composite?
False
Is 27329 composite?
False
Is 15023 composite?
True
Is 1305683 a prime number?
False
Is 2609 prime?
True
Is 20329 composite?
True
Is 8027 composite?
True
Is 118603 a prime number?
True
Is 209995 prime?
False
Is 307 composite?
False
Is 60757 a composite number?
False
Is 27479 a composite number?
False
Is 5711 a prime number?
True
Is 2905849 a composite number?
True
Is 2165 a composite number?
True
Is 221755 a composite number?
True
Is 1563 composite?
True
Is 1090567 composite?
True
Is 27949 composite?
True
Is 260911 a composite number?
True
Is 11371 a prime number?
False
Is 12589 a prime number?
True
Is 679 composite?
True
Is 63949 prime?
True
Is 14369 composite?
False
Is 1234309 prime?
True
Is 68461 composite?
True
Is 4699 composite?
True
Is 46553 a prime number?
False
Is 25429 prime?
False
Is 67205 a composite number?
True
Is 499487 a prime number?
False
Is 4241 composite?
False
Is 4153 composite?
False
Is 2738005 a prime number?
False
Is 472369 a composite number?
False
Is 7961 composite?
True
Is 1782745 composite?
True
Is 255851 a prime number?
True
Is 5923 prime?
True
Is 49681 a composite number?
False
Is 1865 composite?
True
Is 299369 a composite number?
True
Is 90223 a composite number?
True
Is 24281 a prime number?
True
Is 1117 a prime number?
True
Is 13309 a prime number?
True
Is 18229 a composite number?
False
Is 137499 composite?
True
Is 247729 composite?
False
Is 87083 prime?
True
Is 110119 composite?
False
Is 119267 prime?
True
Is 985 a prime number?
False
Is 164617 a composite number?
False
Is 56269 a composite number?
False
Is 52379 composite?
False
Is 689107 prime?
True
Is 14051 a prime number?
True
Is 3587 a composite number?
True
Is 43661 a prime number?
True
Is 178649 prime?
False
Is 18617 composite?
False
Is 154559 a composite number?
True
Is 65761 composite?
False
Is 469 composite?
True
Is 7223 prime?
False
Is 94195 composite?
True
Is 145311 prime?
False
Is 14253 a prime number?
False
Is 329449 composite?
True
Is 4979411 composite?
False
Is 574239 a prime number?
False
Is 514031 composite?
True
Is 13241 composite?
False
Is 1811 a composite number?
False
Is 307421 prime?
False
Is 7233 prime?
False
Is 154057 prime?
True
Is 6377 prime?
False
Is 5591 a prime number?
True
Is 1443322 a composite number?
True
Is 94407 composite?
True
Is 10801 prime?
False
Is 2460467 composite?
False
Is 4201 prime?
True
Is 149585 a composite number?
True
Is 16869 composite?
True
Is 733391 a composite number?
False
Is 57801 a composite number?
True
Is 1214 composite?
True
Is 2603 a composite number?
True
Is 8159 a prime number?
False
Is 4645 a composite number?
True
Is 126913 a composite number?
False
Is 21851 a prime number?
True
Is 504554 a prime number?
False
Is 4491203 prime?
True
Is 25078 prime?
False
Is 12661 a prime number?
False
Is 483787 composite?
False
Is 68473 prime?
True
Is 1109 prime?
True
Is 168193 a composite number?
False
Is 5639 a composite number?
False
Is 701 a composite number?
False
Is 8583 composite?
True
Is 39322 prime?
False
Is 62437 a composite number?
True
Is 114389 composite?
True
Is 341423 prime?
True
Is 13921 composite?
False
Is 21557 a composite number?
False
Is 48989 composite?
False
Is 43243 composite?
True
Is 263819 a composite number?
False
Is 15391 a prime number?
True
Is 2881 a composite number?
True
Is 79711 a composite number?
True
Is 20693 a composite number?
False
Is 120277 a composite number?
False
Is 301991 a prime number?
True
Is 50602 a composite number?
True
Is 23251 a composite number?
False
Is 102271 composite?
True
Is 1574 composite?
True
Is 63093 prime?
False
Is 61733 a composite number?
True
Is 159785 prime?
False
Is 324381 a prime number?
False
Is 13901 a composite number?
False
Is 52495 composite?
True
Is 317 a composite number?
False
Is 54037 a prime number?
True
Is 9335 a prime number?
False
Is 133037 prime?
False
Is 182465 a prime number?
False
Is 706109 prime?
True
Is 1170434 composite?
True
Is 36409 prime?
False
Is 609829 a composite number?
True
Is 102269 composite?
True
Is 18787 prime?
True
Is 7439 composite?
True
Is 142589 composite?
False
Is 1860707 a composite number?
False
Is 1397 a prime number?
False
Is 20627 composite?
False
Is 2771669 prime?
True
Is 3778 prime?
False
Is 106 composite?
True
Is 6119 prime?
False
Is 128903 a prime number?
True
Is 1889 prime?
True
Is 208831 composite?
True
Is 702599 a composite number?
False
Is 58567 composite?
False
Is 1201601 a prime number?
True
Is 1633 composite?
True
Is 5489 a prime number?
False
Is 442483 prime?
False
Is 1406159 composite?
False
Is 25013 a prime number?
True
Is 2129 composite?
False
Is 6229 a composite number?
False
Is 36433 a prime number?
True
Is 6679 prime?
True
Is 31029 composite?
True
Is 44617 a composite number?
False
Is 79177 a composite number?
True
Is 21531 prime?
False
Is 142939 a composite number?
False
Is 521 a prime number?
True
Is 570329 prime?
True
Is 21557 composite?
False
Is 9967 prime?
True
Is 21587 a composite number?
False
Is 21211 a prime number?
True
Is 56617 composite?
True
Is 368591 prime?
False
Is 7099 a prime number?
False
Is 135901 prime?
False
Is 6163 a prime number?
True
Is 40187 composite?
True
Is 137327 a composite number?
True
Is 14395 prime?
False
Is 34031 a composite number?
False
Is 583 a prime number?
False
Is 59515 a prime number?
False
Is 469909 prime?
False
Is 21269 prime?
True
Is 102086 prime?
False
Is 115 composite?
True
Is 1657 a composite number?
False
Is 73527 prime?
False
Is 60001 composite?
True
Is 55001 composite?
False
Is 53657 prime?
True
Is 131143 a composite number?
False
Is 21089 prime?
True
Is 87457 prime?
False
Is 239657 prime?
False
Is 36739 prime?
True
Is 14177 a prime number?
True
Is 12373 a prime number?
True
Is 108299 prime?
False
Is 117267 composite?
True
Is 66337 a prime number?
True
Is 116203 a composite number?
True
Is 45523 a prime number?
True
Is 244421 a prime number?
False
Is 664231 prime?
False
Is 8209 a composite number?
False
Is 8009 a prime number?
True
Is 315254 a prime number?
False
Is 49233 composite?
True
Is 198587 prime?
False
Is 17657 prime?
True
Is 22843 a prime number?
False
Is 365659 a prime number?
False
Is 26749 composite?
True
Is 38491 prime?
False
Is 24559 a composite number?
True
Is 22405 a composite number?
True
Is 106591 a composite number?
False
Is 192389 a prime number?
False
Is 10157 composite?
True
Is 36911 a composite number?
True
Is 50171 composite?
True
Is 76298 composite?
True
Is 70922 a prime number?
False
Is 4729 prime?
True
Is 737 a prime number?
False
Is 87509 a prime number?
True
Is 13945 a prime number?
False
Is 264871 prime?
True
Is 2533 a prime number?
False
Is 3137 a composite number?
False
Is 49009 prime?
True
Is 516613 a composite number?
True
Is 46981 prime?
False
Is 13619 a prime number?
True
Is 823697 prime?
False
Is 138982 prime?
False
Is 7297 prime?
True
Is 15859 a prime number?
True
Is 514571 composite?
False
Is 1289887 a prime number?
False
Is 336181 composite?
False
Is 185911 a composite number?
True
Is 44329 prime?
False
Is 165329 prime?
False
Is 978509 a prime number?
False
Is 5623 prime?
True
Is 8153 a prime number?
False
Is 176627 composite?
True
Is 205607 a composite number?
False
Is 77849 a prime number?
True
Is 240287 prime?
True
Is 2477 composite?
False
Is 1836689 a prime number?
True
Is 315047 a composite number?
False
Is 600043 a prime number?
True
Is 274931 a composite number?
False
Is 35011 prime?
False
Is 1171301 a composite number?
False
Is 1411373 a composite number?
True
Is 419513 a prime number?
True
Is 797 a prime number?
True
Is 7121 a composite number?
False
Is 75365 prime?
False
Is 55439 prime?
True
Is 71107 prime?
False
Is 47923 a composite number?
True
Is 348521 composite?
True
Is 3127 a composite number?
True
Is 15547 a composite num